*n = 20, 2*i - n = 4*i + 10. Let q(j) = 18 - 48 + 4*j**2 + 24 - 5*j + j**3. Calculate q(i).
-6
Let q(l) = -l**3 + 5*l**2 - 4*l - 5. Let f(d) = 4*d**3 - d**2 + 2*d - 1. Let h be f(1). Give q(h).
-5
Let k = 24 + -30. Let l(w) = -w**2 - 4*w + 4. What is l(k)?
-8
Let o(b) = -10 + 8 + 1 - 2*b**2. What is o(-2)?
-9
Let j(u) be the first derivative of -u**3/3 - u**2/2 + 2*u - 18. Calculate j(2).
-4
Let a(y) be the first derivative of -2*y**2 + 5*y - 16. Calculate a(4).
-11
Let m(w) be the third derivative of 0 + 1/3*w**3 - 1/8*w**4 + 0*w + 4*w**2. What is m(3)?
-7
Let w(i) be the first derivative of -i**3/3 - i - 1. Let f be w(2). Let z(y) = -2*y - 6. Calculate z(f).
4
Let s(l) = 2*l - 3. Suppose 0 = -2*u - 3*u. Suppose 2*w + 20 - 30 = u. Calculate s(w).
7
Suppose 0*m + 4*m = 4. Let n(d) = -4. Let j(b) = 8 - 1 - 2 + b. Let s(a) = -3*j(a) - 4*n(a). What is s(m)?
-2
Let h(r) be the third derivative of -r**4/12 - 5*r**3/6 + 6*r**2. What is h(-4)?
3
Suppose 8 = -2*z - 2*z. Let r be z/(5/(50/4)). Let h(m) = 4*m + 5. Let l(g) = -9*g - 11. Let y(a) = 5*h(a) + 2*l(a). Calculate y(r).
-7
Let g(w) = 2 + 0 - 11*w**3 - 1 + 0 + 2*w**2 - 2*w. Determine g(1).
-10
Suppose -5*m = -6*m. Suppose -3*n - 12 + 6 = m. Let h(a) = -a**3 - a**2 + 4*a + 3. Give h(n).
-1
Let a(x) = -x**3 + 8*x**2 - x + 8. Let y = -21 - -4. Let t = -9 - y. Calculate a(t).
0
Let c(o) = 5*o - 3. Suppose 3*d = -2*x - 2*x + 7, 5*x - 3*d + 25 = 0. Let k be 0 - (x*2 + 1). Determine c(k).
12
Let l(u) be the second derivative of -u**5/20 + u**4/4 + u**3/2 - 2*u**2 + 7*u. Calculate l(4).
-8
Let v(s) be the third derivative of s**5/60 - s**4/12 + s**3/3 + 8*s**2. Determine v(2).
2
Let g(h) = h**2 - 7*h + 7. Let t(q) = q**3 - 4*q**2 - 12*q + 8. Let l be t(6). Give g(l).
15
Let o = 22 + -20. Let j(b) = b**o - b**2 + 2*b**2. Determine j(-2).
8
Let n(x) be the first derivative of -x**3/3 + 2*x**2 + x + 51. Determine n(3).
4
Let r be (-2)/3 + 220/(-165). Let w(f) = 2*f - 3*f + 2*f - 2. Give w(r).
-4
Let l(o) = o**2 - o - 7. Suppose 0 = -5*p + 3*c, -5*p = -0*p + 5*c. Suppose g = -p*g. Calculate l(g).
-7
Let b(h) = -h**2 - 6*h - 2. Let g be (2 - 4) + (-5 - -2). Give b(g).
3
Let m(g) = 3*g**2 - 3*g + 2. Let p = 17 + -15. Determine m(p).
8
Let h(k) = k**3 - 2*k**2 - 4*k + 4. Let n(d) = 2*d - 6. Let m be n(6). Let t = m - -9. Suppose -f + t = 4*f. Give h(f).
1
Let i = 182/3 - 60. Let t(d) be the second derivative of 0 + 1/12*d**4 - i*d**3 - d - 5/2*d**2. What is t(5)?
0
Let v(c) = -4*c + 6*c - 3*c. Let h(m) = -m**2 + m + 3. Let r be h(0). Give v(r).
-3
Let q be (6 - 3)/((-6)/4). Let s be (0 - q)/(8/12). Let z(j) = -j**3 + 3*j**2 + j + 1. Give z(s).
4
Let j = 8 + -4. Let w(y) be the first derivative of y**6/360 - y**5/40 - y**4/12 + 2*y**3/3 + 7. Let h(o) be the third derivative of w(o). Give h(j).
2
Suppose -c - 3*c = 4. Let r(n) = 11*n**3 + n**2 + n + 1. Give r(c).
-10
Let a(v) be the third derivative of -v**4/8 + v**3/2 + v**2. Let b be ((-18)/(-12))/((-3)/8). Give a(b).
15
Let n(a) be the third derivative of -a**5/60 + a**4/6 - a**3/6 - 2*a**2. Suppose o + 16 = d + 4*d, 3*d + o = 16. Calculate n(d).
-1
Let b(n) be the first derivative of n**6/360 - 7*n**5/120 + n**4/24 - 2*n**3/3 - 3. Let g(a) be the third derivative of b(a). Give g(6).
-5
Suppose j - 5 = 4. Suppose -3*b = -2*n - 0*b + j, -5*b = -2*n + 19. Let t(z) = -z**3 - 2*z**2 - 1. Determine t(n).
8
Let g = -16 + 27. Let o = g + -14. Let h(b) = -3*b - 4. What is h(o)?
5
Let r(g) = -g**3 + 3*g**2 - 2*g - 1. Let q(h) = -h. Let j be q(-8). Let l = 11 - j. Calculate r(l).
-7
Let l(i) = -5 + 1 - 99*i + 1 + 101*i. Determine l(-5).
-13
Suppose i = -1, 4*s - i - i = 34. Suppose 11*w - s*w - 9 = 0. Let c(m) = 4*m**w - m**2 + 5*m - 2 - 2*m**2 - 2*m**2 - 5*m**3. Calculate c(-6).
4
Let b(s) = 6*s. Suppose -2*w - 3 = -3*n - 0*w, w = -3*n - 6. Calculate b(n).
-6
Let v(c) = 1. Let q(r) = 4*r + 3. Let d(i) = -q(i) + 4*v(i). Let f(p) = -3*p + 1. Let j(k) = -4*d(k) + 5*f(k). Calculate j(4).
5
Let s(b) = b**3 + 2*b**2 + 4. Let u be s(-3). Let y = 5 - 3. Let k(i) = i**2 + 6 - 2*i - 3*i**2 + i**y + 0*i**2. Determine k(u).
-9
Let l(g) = 4*g - 10*g + 16 - 12 + g**2. Determine l(3).
-5
Let s be 1*(-18)/(-4 + 1). Let h be 2/1 + (4 - s). Let i(l) = -1 - 2*l - l**3 + h*l + 0. Give i(-1).
2
Let m = 14 + -8. Let j(i) be the first derivative of -i**2/2 + 2*i + 4. What is j(m)?
-4
Let j(a) = a + 6 - 5 - 4*a + 1 - 3*a**2. Give j(2).
-16
Let a(g) = g + 3. Let i = -27 - -23. Calculate a(i).
-1
Let z(x) = -7*x - 55 + 30 + 24. Determine z(1).
-8
Let m(o) be the first derivative of -o**3/3 + o**2/2 + 2*o + 37. Give m(2).
0
Let f be 6/(-9) + (-8)/6. Let q(z) = -z**2 + 2*z - 1. Let d(k) = -4*k**2 + 8*k - 4. Let i(h) = f*d(h) + 9*q(h). Let x be (0 - 2)*3/(-2). Determine i(x).
-4
Let m be -2 + 2 + 2 + -4. Let a(l) = -l**2 + 2*l - 8. Let o(w) = -4*w**2 + 7*w - 33. Let c(t) = m*o(t) + 9*a(t). Give c(4).
-6
Let h(g) = -g**2 + 13*g - 12. Let d be h(12). Let q(p) = 4 + p**2 + d - 4 - 3 - 3*p. What is q(5)?
7
Let i(n) = 5*n**2 + 9*n - 6. Let d(t) = 3*t**2 + 5*t - 3. Let a(h) = 7*d(h) - 4*i(h). Give a(0).
3
Let v be (4 + -6)*4 + 13. Let i(x) be the first derivative of x**4/4 - 4*x**3/3 - 5*x**2/2 + 2*x + 1. Determine i(v).
2
Let g be (4/(-8))/(-1)*0. Let x(d) = -d - 1. Give x(g).
-1
Suppose -3*a - 3*k + 15 = 0, 0 = 4*a + k - 0*k - 26. Let y(t) = t**3 - 6*t**2 - 9*t + 9. Calculate y(a).
-5
Let v(y) = y**3 - 6*y**2 + 6*y - 4. Suppose 2*q - 3*q = -10. Let w = -5 + q. Calculate v(w).
1
Let l(a) be the third derivative of -2*a**5/15 - a**4/24 - a**3/6 + 32*a**2. What is l(-1)?
-8
Let z(j) = 3 + 35*j**3 - 19*j**3 - 17*j**3 - j + 5*j**2. Suppose 0 = -4*b + g + 18, -2*b = b - 5*g - 5. What is z(b)?
-2
Suppose 3*n = 4*n. Let f(t) be the first derivative of -1/3*t**3 + n*t**2 - 1 + 4*t. What is f(3)?
-5
Let v(d) be the third derivative of d**5/60 - d**4/24 + d**3/6 - 46*d**2. Give v(2).
3
Let u(f) = 4*f + 3. Let k = 19 + -26. Let n(v) = -5*v - 4. Let l(c) = k*u(c) - 6*n(c). What is l(-4)?
-5
Let w(i) = 5 + 10*i - 5 - i**3 + i**2 - 9*i. What is w(-2)?
10
Suppose -54 = -5*c - c. Let s(u) = -2*u**3 - 6*u - 6*u**2 + 4*u + 5*u**3 + c - 2*u**3. Give s(6).
-3
Let p(n) = n**2 + 5*n - 2. Let c(i) = 11 + 0*i + 3*i + 1. Let u be c(-6). What is p(u)?
4
Let i(k) be the first derivative of -k**4/4 - k**3/3 + 10*k - 5. Determine i(0).
10
Suppose 0 = -0*b - 3*b + 12. Suppose -h - h = -b. Let u(l) = 9*l**2 - 3*l - 6 - 6*l**2 + l**3 - h*l. Give u(-4).
-2
Let o(f) = -f**3 - 4*f**2 + f + 8. Let n be o(-4). Let s(t) = 4*t + 5 - 5*t - 5. Calculate s(n).
-4
Suppose -4*c = 2*k - 22, 2*k = c + 5*k - 8. Let p = c + -1. Let f(s) = -3*s + p*s + 3*s**2 - 4 - 4*s**2. Calculate f(0).
-4
Let o = -108 - -104. Let f(k) = -k**2 - 5*k - 3. Determine f(o).
1
Suppose -z + 4*w + 3 = 0, -2*w + 1 = -4*z + w. Let o(b) be the third derivative of -b**5/30 + b**4/24 - 2*b**2. Give o(z).
-3
Let f(l) = l**3 - 4*l**2 - 5*l + 4. Suppose 4*g - 16 = 4. Determine f(g).
4
Let c be 1 - 2/4*-2. Let x(h) be the first derivative of h**4/8 + h**3/6 - h**2 - 3. Let y(n) be the second derivative of x(n). Give y(c).
7
Let z(l) = 6*l**2 - l + 1. Let y = -8 + 9. Let p be y/((-3 - -6)/3). Determine z(p).
6
Suppose 0 = -2*b + 5*b. Suppose -4*q + 5 = -3*q. Let j(l) = 2 + l**2 + 7 - q - l. Calculate j(b).
4
Let j(b) = b**2 + 9*b - 10. Let r(z) = -z. Let p(h) = j(h) + 5*r(h). Determine p(-7).
11
Let f be (-3)/(-4) - 125/(-20). Let u(x) = x - 10. What is u(f)?
-3
Suppose 4*y = -y - v + 12, 2*v = -4*y + 6. Let u(p) = 3*p**3 - p**2 + 3*p + 1. Let k(q) = q**3 + q**2 + q - 1. Let r(s) = 2*k(s) - u(s). Give r(y).
-6
Let r(z) = -z**3 - 4*z**2 + 3*z + 5. Let n(t) be the second derivative of -3*t + 0 + 2/3*t**3 + 0*t**2. Let v be n(-1). Determine r(v).
-7
Let r be ((-15)/(-25))/((-2)/20). Let t(b) = -b**3 - 7*b**2 - 6*b - 1. Give t(r).
-1
Let j = 4 - 5. Let n = j + 1. Let x(q) be the third derivative of -q**4/24 + 7*q**3/6 - q**2. Determine x(n).
7
Let t(v) = -v**2 + 4*v. Suppose -5*z = -4 - 16. Determine t(z).
0
Suppose -3*z + 3*d + 4 = -8, 2*z = 5*d + 20. Let c(p) be the second derivative of p**5/20 + p**4/12 - p**3/6 + p**2 - 2*p. Determine c(z).
2
Let w(a) = -2*a**3 + 5*a**2 - 2*a - 2. Let o(p) = p**3 + p**2 - p - 1. Let s(d) = -o(d) - w(d). Determine s(5).
-7
Let p be (-2)/(-14) 